 base 10?
854
d93d (base 15) to base 16
b386
What is -1001322 (base 4) in base 14?
-1774
What is 17369 (base 10) in base 11?
12060
-13988 (base 14) to base 16
-bd94
Convert 2112021210 (base 3) to base 2.
1100001001110110
What is -105235 (base 6) in base 11?
-67a8
What is -14356 (base 13) in base 6?
-451331
What is 3b1 (base 12) in base 3?
202221
-2331223 (base 4) to base 2
-10111101101011
-9037 (base 13) to base 11
-13988
1123221 (base 5) to base 13
93c0
2e39 (base 15) to base 4
2123202
What is 4435 (base 6) in base 5?
13111
What is -1010111001 (base 2) in base 8?
-1271
What is -124111 (base 5) in base 6?
-34414
100101 (base 3) to base 10
253
31a (base 15) to base 2
1010111100
What is -11310 (base 4) in base 16?
-174
15b (base 14) to base 8
425
What is -2120 (base 9) in base 3?
-2010200
What is -63ab (base 13) in base 11?
-a433
Convert -1247 (base 8) to base 3.
-221011
What is -2121 (base 4) in base 9?
-180
Convert 70b (base 15) to base 8.
3062
What is -518 (base 13) in base 5?
-11431
Convert -212000 (base 3) to base 8.
-1155
What is 1000001011001 (base 2) in base 9?
5660
Convert -16704 (base 16) to base 13.
-32aab
Convert 18639 (base 10) to base 9.
27510
-111011110111 (base 2) to base 15
-1206
-31a (base 13) to base 5
-4110
What is -111100100 (base 2) in base 4?
-13210
What is 101100100 (base 2) in base 16?
164
Convert 103022 (base 4) to base 8.
2312
Convert -668 (base 11) to base 2.
-1100100000
Convert 223 (base 9) to base 11.
157
What is -64e9 (base 16) in base 7?
-135213
Convert -112100 (base 3) to base 12.
-283
What is -15228 (base 11) in base 16?
-5440
Convert -311122 (base 4) to base 16.
-d5a
-923 (base 11) to base 6
-5054
What is -1379 (base 15) in base 13?
-1b84
Convert -11221223 (base 4) to base 16.
-5a6b
6132 (base 8) to base 6
22350
What is -1241a (base 12) in base 8?
-60326
What is 2001101 (base 4) in base 9?
12312
Convert 31142 (base 5) to base 2.
11111111111
What is b27 (base 15) in base 16?
9d0
Convert -1305 (base 6) to base 14.
-197
5a69 (base 12) to base 13
4818
-32528 (base 9) to base 3
-1002120222
Convert 13312 (base 4) to base 15.
237
-1011110101010010 (base 2) to base 7
-261205
Convert 221112 (base 3) to base 7.
2003
1412 (base 8) to base 7
2161
3472 (base 11) to base 15
153b
What is -17 (base 16) in base 13?
-1a
Convert -32 (base 8) to base 4.
-122
Convert -333040 (base 5) to base 8.
-26575
What is -111110121 (base 3) in base 11?
-7415
What is aa37 (base 11) in base 13?
6820
Convert 31b5 (base 12) to base 8.
12531
Convert -24ed (base 15) to base 10.
-7873
Convert 2033042 (base 5) to base 10.
33522
701 (base 9) to base 11
477
Convert 42b6 (base 14) to base 2.
10110100001000
1011100001 (base 2) to base 7
2102
Convert 11100001100 (base 2) to base 9.
2424
-1600 (base 11) to base 7
-5666
What is -2167 (base 11) in base 2?
-101100101000
-2b9a (base 14) to base 2
-1111001100100
Convert 9716 (base 13) to base 8.
50757
Convert -10000100001 (base 2) to base 12.
-741
What is 3b2 (base 15) in base 3?
1011012
110100010000 (base 2) to base 11
2570
Convert -200 (base 10) to base 15.
-d5
Convert 11324 (base 6) to base 3.
2020121
What is -13922 (base 10) in base 11?
-a507
What is 2e7b (base 16) in base 9?
17281
What is 2fb1 (base 16) in base 11?
919a
2321 (base 12) to base 15
125d
2210220 (base 5) to base 16
9529
What is 1ee4 (base 15) in base 2?
1101001010011
What is -1461 (base 8) in base 14?
-425
What is 3874 (base 9) in base 4?
231112
100000010 (base 2) to base 13
16b
Convert -33825 (base 12) to base 15.
-154b8
25300 (base 6) to base 5
110110
What is -122200 (base 8) in base 16?
-a480
What is 3ab (base 14) in base 16?
2e3
-14504 (base 11) to base 10
-20574
4 (base 12) to base 9
4
-10622 (base 10) to base 9
-15512
Convert -33123 (base 5) to base 13.
-1070
-3375 (base 11) to base 8
-10526
What is -588a (base 14) in base 5?
-443120
2812 (base 10) to base 14
104c
Convert 135 (base 13) to base 2.
11010101
-525 (base 6) to base 9
-238
-35511 (base 6) to base 4
-1100203
-1023311 (base 4) to base 10
-4853
Convert -974 (base 11) to base 6.
-5230
354102 (base 6) to base 2
111011111110110
-27840 (base 11) to base 12
-1ab0b
Convert 86b (base 15) to base 11.
1479
What is -330124 (base 6) in base 13?
-c547
-10457 (base 9) to base 8
-15431
11110100000100 (base 2) to base 15
4965
Convert 1100101010 (base 2) to base 9.
1100
What is -1001001111101011 (base 2) in base 11?
-264a5
Convert -1 (base 5) to base 10.
-1
What is -1325 (base 7) in base 16?
-1fd
Convert 6073 (base 8) to base 5.
100011
Convert -1b59 (base 15) to base 4.
-1130232
What is 11033023 (base 4) in base 6?
243151
-1835 (base 10) to base 16
-72b
Convert 11514 (base 6) to base 5.
23302
Convert -1001110 (base 3) to base 2.
-1100000000
Convert 1c7c (base 14) to base 7.
21115
What is -202000001 (base 3) in base 13?
-6838
1232 (base 8) to base 6
3030
What is 45320 (base 9) in base 14?
adb8
Convert -61b4 (base 15) to base 7.
-114121
1037 (base 13) to base 14
b63
What is -1abd (base 16) in base 7?
-25646
-100000111 (base 2) to base 10
-263
What is 110201 (base 3) in base 15?
17d
Convert -21213 (base 4) to base 16.
-267
Convert 1321003 (base 4) to base 13.
36ac
What is 14b (base 13) in base 4?
3220
What is -2737 (base 8) in base 6?
-10543
What is 153 (base 10) in base 16?
99
What is 5656 (base 7) in base 8?
4002
Convert 1104401 (base 5) to base 8.
45627
Convert -826 (base 13) to base 5.
-21014
What is 137 (base 12) in base 13?
115
Convert -9b1 (base 13) to base 7.
-4566
What is -a9b (base 12) in base 5?
-22214
What is -23113 (base 6) in base 13?
-1659
-3cb8 (base 14) to base 8
-24772
What is -5e (base 16) in base 13?
-73
-3123 (base 13) to base 14
-268d
10323 (base 4) to base 14
187
4210 (base 6) to base 16
3ae
Convert -10242 (base 5) to base 6.
-3121
Convert 2323 (base 8) to base 3.
1200202
Convert -1aa (base 11) to base 13.
-157
Convert 35b5 (base 12) to base 7.
23420
What is 23055 (base 6) in base 3?
11111022
What is -5b4 (base 12) in base 8?
-1530
What is -505 (base 15) in base 9?
-1485
-3210 (base 4) to base 5
-1403
-403 (base 10) to base 7
-1114
21034 (base 6) to base 4
230032
What is 2096 (base 13) in base 3?
20012022
-302344 (base 5) to base 4
-2113330
What is 1a2 (base 15) in base 2?
101111001
1d99 (base 14) to base 8
12463
-43 (base 13) to base 9
-61
-1276 (base 8) to base 4
-22332
7818 (base 10) to base 2
1111010001010
What is -2c0d (base 16) in base 15?
-351c
Convert -47f (base 16) to base 10.
-1151
What is -665 (base 10) in base 6?
-3025
-102121 (base 4) to base 6
-5241
Convert -40c2 (base 13) to base 5.
-241241
-372 (base 8) to base 9
-307
20bd6 (base 14) to base 15
186d6
What is 100220100 (base 3) in base 13?
3393
What is -11341 (base 6) in base 4?
-121231
Convert 12e (base 16) to base 14.
178
What is 10111100010 (base 2) in base 15?
6a6
Convert 3a073 (base 11) to base 14.
16c5b
1dc (base 14) to base 5
3030
Convert -a75 (base 12) to base 6.
-11025
Convert 23321 (base 4) to base 5.
11021
-1bc (base 14) to base 12
-262
Convert 4036 (base 13) to base 10.
8833
What is 272a (base 13) in base 9?
7626
Convert c44 (base 14) to base 15.
aac
What is 111100001 (base 2) in base 7?
1255
413 (base 11) to base 3
200110
-801 (base 14) to base 8
-3041
18b58 (base 13) to base 8
135705
Convert -13e (base 16) to base 9.
-383
What is -cdd (base 14) in base 16?
-9f3
What is 5940 (base 14) in base 15?
4910
Convert 575 (base 9) to base 12.
335
Convert 110110001000 (base 2) to base 14.
1396
What is -848 (base 10) in base 12?
-5a8
What is 1101000010 (base 2) in base 3?
1010220
Convert -8586 (base 12) to base 14.
-54a2
15025 (base 8) to base 15
1ea2
What is -4567 (base 16) in base 2?
-100010101100111
-13a92 (base 12) to base 5
-1334340
123461 (base 7) to base 3
1011101022
What is 194 (base 11) in base 2?
11100000
33598 (base 10) to base 2
1000001100111110
Convert -5bab (base 15) to base 5.
-1111021
-1070 (base 10) to base 16
-42e
What is 4355 (base 14) in base 3?
120222002
What is 143330 (base 7) in base 11?
19819
-370 (base 10) to base 15
-19a
Convert 112324 (base 7) to base 6.
232511
8a58 (base 11) to base 10
11921
What is -1001011001011 (base 2) in base 15?
-165b
Convert 182c9 (base 14) to base 7.
342442
What is -3233 (base 4) in base 5?
-1424
What is -c31 (base 14) in base 4?
-211123
What is -3645 (